{"id":70,"date":"2023-12-07T20:46:33","date_gmt":"2023-12-07T20:46:33","guid":{"rendered":"https:\/\/egrikutyanapkozi.hu\/?page_id=70"},"modified":"2024-10-29T12:08:06","modified_gmt":"2024-10-29T12:08:06","slug":"kutyanapkozi","status":"publish","type":"page","link":"https:\/\/egrikutyanapkozi.hu\/?page_id=70","title":{"rendered":"KutyaNapk\u00f6zi"},"content":{"rendered":"\t\t<div data-elementor-type=\"wp-page\" data-elementor-id=\"70\" class=\"elementor elementor-70\">\n\t\t\t\t\t\t\t<div class=\"elementor-element elementor-element-d1e4832 e-flex e-con-boxed e-con e-parent\" data-id=\"d1e4832\" data-element_type=\"container\" data-settings=\"{&quot;content_width&quot;:&quot;boxed&quot;}\" data-core-v316-plus=\"true\">\n\t\t\t\t\t<div class=\"e-con-inner\">\n\t\t\t\t<div class=\"elementor-element elementor-element-a861c67 elementor-widget elementor-widget-heading\" data-id=\"a861c67\" data-element_type=\"widget\" data-widget_type=\"heading.default\">\n\t\t\t\t<div class=\"elementor-widget-container\">\n\t\t\t<style>\/*! elementor - v3.17.0 - 08-11-2023 *\/\n.elementor-heading-title{padding:0;margin:0;line-height:1}.elementor-widget-heading .elementor-heading-title[class*=elementor-size-]>a{color:inherit;font-size:inherit;line-height:inherit}.elementor-widget-heading .elementor-heading-title.elementor-size-small{font-size:15px}.elementor-widget-heading .elementor-heading-title.elementor-size-medium{font-size:19px}.elementor-widget-heading .elementor-heading-title.elementor-size-large{font-size:29px}.elementor-widget-heading .elementor-heading-title.elementor-size-xl{font-size:39px}.elementor-widget-heading .elementor-heading-title.elementor-size-xxl{font-size:59px}<\/style><h3 class=\"elementor-heading-title elementor-size-default\">KutyaNapk\u00f6zinket akkor aj\u00e1nljuk, ha<\/h3>\t\t<\/div>\n\t\t\t\t<\/div>\n\t\t\t\t\t<\/div>\n\t\t\t\t<\/div>\n\t\t<div class=\"elementor-element elementor-element-7f96df8 e-flex e-con-boxed e-con e-parent\" data-id=\"7f96df8\" data-element_type=\"container\" data-settings=\"{&quot;content_width&quot;:&quot;boxed&quot;}\" data-core-v316-plus=\"true\">\n\t\t\t\t\t<div class=\"e-con-inner\">\n\t\t\t\t<div class=\"elementor-element elementor-element-114174c elementor-widget elementor-widget-text-editor\" data-id=\"114174c\" data-element_type=\"widget\" data-widget_type=\"text-editor.default\">\n\t\t\t\t<div class=\"elementor-widget-container\">\n\t\t\t<style>\/*! elementor - v3.17.0 - 08-11-2023 *\/\n.elementor-widget-text-editor.elementor-drop-cap-view-stacked .elementor-drop-cap{background-color:#69727d;color:#fff}.elementor-widget-text-editor.elementor-drop-cap-view-framed .elementor-drop-cap{color:#69727d;border:3px solid;background-color:transparent}.elementor-widget-text-editor:not(.elementor-drop-cap-view-default) .elementor-drop-cap{margin-top:8px}.elementor-widget-text-editor:not(.elementor-drop-cap-view-default) .elementor-drop-cap-letter{width:1em;height:1em}.elementor-widget-text-editor .elementor-drop-cap{float:left;text-align:center;line-height:1;font-size:50px}.elementor-widget-text-editor .elementor-drop-cap-letter{display:inline-block}<\/style>\t\t\t\t<h4>&#8211; munk\u00e1ba kell menni \u00e9s a munkahelyed nem kuyabar\u00e1t<br \/>&#8211; v\u00e1s\u00e1rolni kell, de nem akarod addig se mag\u00e1ra hagyni, egyed\u00fcl<br \/>&#8211; vagy a kertet kell \u00e9ppen rendbe rakni \u00e9s j\u00f3 lenne, ha nem t\u00e9bl\u00e1bolna ott\u00a0<br \/>&#8211; vagy csak kedvencednek sz\u00fcks\u00e9ge van m\u00e1s kutyusok t\u00e1rsas\u00e1g\u00e1ra<br \/>&#8211; vagy szeretn\u00e9l megn\u00e9zni olyan nevezetess\u00e9get is, ahova kutyus nem vihet\u0151<\/h4><h4>Kedvenced ak\u00e1r eg\u00e9sz nap kint lehet \u00e9s \u00e9lvezheti m\u00e1s kuty\u00e1k t\u00e1rsas\u00e1g\u00e1t!<br \/>Kutyatart\u00f3k r\u00e9v\u00e9n mi is tudjuk milyen \u00e9rz\u00e9s idegen kezekben hagyni kutyusunkat, ez\u00e9rt mindent megtesz\u00fcnk annak \u00e9rdek\u00e9ben, hogy a lehet\u0151 legkisebb stresszt okozzuk az elv\u00e1l\u00e1skor! Pontosan tudjuk, hogy mire van kedvencednek sz\u00fcks\u00e9ge, szeretj\u00fck \u0151ket, gondoskodunk r\u00f3luk pont \u00fagy mint a saj\u00e1tunkr\u00f3l.\u00a0<\/h4>\t\t\t\t\t\t<\/div>\n\t\t\t\t<\/div>\n\t\t\t\t\t<\/div>\n\t\t\t\t<\/div>\n\t\t<div class=\"elementor-element elementor-element-5ed1ba9 e-flex e-con-boxed e-con e-parent\" data-id=\"5ed1ba9\" data-element_type=\"container\" data-settings=\"{&quot;content_width&quot;:&quot;boxed&quot;}\" data-core-v316-plus=\"true\">\n\t\t\t\t\t<div class=\"e-con-inner\">\n\t\t\t\t<div class=\"elementor-element elementor-element-4574461 elementor-widget elementor-widget-heading\" data-id=\"4574461\" data-element_type=\"widget\" data-widget_type=\"heading.default\">\n\t\t\t\t<div class=\"elementor-widget-container\">\n\t\t\t<h2 class=\"elementor-heading-title elementor-size-default\">EL\u0150ZETES BEJELENTKEZ\u00c9S SZ\u00dcKS\u00c9GES:<\/h2>\t\t<\/div>\n\t\t\t\t<\/div>\n\t\t\t\t<div class=\"elementor-element elementor-element-922b979 elementor-widget elementor-widget-text-editor\" data-id=\"922b979\" data-element_type=\"widget\" data-widget_type=\"text-editor.default\">\n\t\t\t\t<div class=\"elementor-widget-container\">\n\t\t\t\t\t\t\t<h4>Nyitvatart\u00e1s: h\u00e9tf\u0151n, kedden, szerd\u00e1n, cs\u00fct\u00f6rt\u00f6k\u00f6n v\u00e1rjuk a napk\u00f6zibe a n\u00e9gyl\u00e1b\u00fa Kedvenceket, legyen sz\u00f3 fiatal, id\u0151s, k\u00e9pzett, vagy k\u00e9pzetlen kuty\u00e1r\u00f3l.\u00a0<\/h4><div><h4>Foglald le kutyusod hely\u00e9t el\u0151re, mert a napi l\u00e9tsz\u00e1m korl\u00e1tozott! A foglal\u00e1sokat minden h\u00e9ten p\u00e9ntek este 8-ig tudjuk fogadni a k\u00f6vetkez\u0151 h\u00e9tre!<\/h4><\/div>\t\t\t\t\t\t<\/div>\n\t\t\t\t<\/div>\n\t\t\t\t<div class=\"elementor-element elementor-element-38d6b5c elementor-widget elementor-widget-text-editor\" data-id=\"38d6b5c\" data-element_type=\"widget\" data-widget_type=\"text-editor.default\">\n\t\t\t\t<div class=\"elementor-widget-container\">\n\t\t\t\t\t\t\t<h4 style=\"font-style: normal;\">El\u0151sz\u00f6r j\u00e1rsz n\u00e1lunk bejelentkez\u00e9s el\u0151tt k\u00e9rj\u00fck olvasd \u00e1t Napk\u00f6zi szab\u00e1lyzatunkat:\u00a0<\/h4>\t\t\t\t\t\t<\/div>\n\t\t\t\t<\/div>\n\t\t\t\t<div class=\"elementor-element elementor-element-0485baf elementor-widget elementor-widget-button\" data-id=\"0485baf\" data-element_type=\"widget\" data-widget_type=\"button.default\">\n\t\t\t\t<div class=\"elementor-widget-container\">\n\t\t\t\t\t<div class=\"elementor-button-wrapper\">\n\t\t\t<a class=\"elementor-button elementor-button-link elementor-size-sm\" href=\"http:\/\/egrikutyanapkozi.hu\/kutyanapkozi-szabalyzat\/\">\n\t\t\t\t\t\t<span class=\"elementor-button-content-wrapper\">\n\t\t\t\t\t\t<span class=\"elementor-button-text\">Napk\u00f6zi szab\u00e1lyzat<\/span>\n\t\t<\/span>\n\t\t\t\t\t<\/a>\n\t\t<\/div>\n\t\t\t\t<\/div>\n\t\t\t\t<\/div>\n\t\t\t\t\t<\/div>\n\t\t\t\t<\/div>\n\t\t<div class=\"elementor-element elementor-element-c5340a4 e-flex e-con-boxed e-con e-parent\" data-id=\"c5340a4\" data-element_type=\"container\" data-settings=\"{&quot;content_width&quot;:&quot;boxed&quot;}\" data-core-v316-plus=\"true\">\n\t\t\t\t\t<div class=\"e-con-inner\">\n\t\t\t\t<div class=\"elementor-element elementor-element-4e62ced elementor-widget elementor-widget-text-editor\" data-id=\"4e62ced\" data-element_type=\"widget\" data-widget_type=\"text-editor.default\">\n\t\t\t\t<div class=\"elementor-widget-container\">\n\t\t\t\t\t\t\t<h4>T\u00f6ltsd ki jelentkez\u00e9si lapunkat \u00e9s koll\u00e9g\u00e1ink 1-2 \u00f3r\u00e1n bel\u00fcl felveszik Veled a kapcsolatot.<\/h4><div><h4 style=\"font-style: normal;\"><span style=\"font-weight: bold;\">FONTOS! Els\u0151 alkalommal k\u00e9rlek v\u00e1laszd a szolg\u00e1ltat\u00e1sok k\u00f6z\u00fcl azt, amelyikhez oda van \u00edrva. &#8222;els\u0151 alkalommal&#8221;!<\/span><\/h4><\/div>\t\t\t\t\t\t<\/div>\n\t\t\t\t<\/div>\n\t\t\t\t<div class=\"elementor-element elementor-element-2e49074 elementor-widget elementor-widget-button\" data-id=\"2e49074\" data-element_type=\"widget\" data-widget_type=\"button.default\">\n\t\t\t\t<div class=\"elementor-widget-container\">\n\t\t\t\t\t<div class=\"elementor-button-wrapper\">\n\t\t\t<a class=\"elementor-button elementor-button-link elementor-size-sm\" href=\"http:\/\/egrikutyanapkozi.hu\/bejelentkezes-2\/\">\n\t\t\t\t\t\t<span class=\"elementor-button-content-wrapper\">\n\t\t\t\t\t\t<span class=\"elementor-button-text\">Bejelentkez\u00e9s <\/span>\n\t\t<\/span>\n\t\t\t\t\t<\/a>\n\t\t<\/div>\n\t\t\t\t<\/div>\n\t\t\t\t<\/div>\n\t\t\t\t<div class=\"elementor-element elementor-element-f1f6d14 elementor-widget elementor-widget-heading\" data-id=\"f1f6d14\" data-element_type=\"widget\" data-widget_type=\"heading.default\">\n\t\t\t\t<div class=\"elementor-widget-container\">\n\t\t\t<h3 class=\"elementor-heading-title elementor-size-default\">A KutyaNapk\u00f6zi el\u0151nyei<\/h3>\t\t<\/div>\n\t\t\t\t<\/div>\n\t\t\t\t<div class=\"elementor-element elementor-element-82b01f5 elementor-widget elementor-widget-text-editor\" data-id=\"82b01f5\" data-element_type=\"widget\" data-widget_type=\"text-editor.default\">\n\t\t\t\t<div class=\"elementor-widget-container\">\n\t\t\t\t\t\t\t<h4>Kedvenced s\u00e9t\u00e1lhat, szaladg\u00e1lhat m\u00edg Te a teend\u0151idet v\u00e9gzed.<br \/>Levezetheti felesleges energi\u00e1it.<br \/>\u00c9rtelmesen \u00e9s akt\u00edvan telik a napja, az eg\u00e9sz napos fekv\u00e9s vagy rosszalkod\u00e1s helyett.<br \/>J\u00f3l szocializ\u00e1lt kuty\u00e1k k\u00f6z\u00f6tt lehet, \u00f6nfeledten j\u00e1tszhat vel\u00fck fel\u00fcgyelet\u00fcnk mellet.<br \/>Boldog \u00e9s kiegyens\u00falyozott kuty\u00e1val \u00e9lhet egy\u00fctt a Gazdi, mert NAPK\u00d6ZIZNI MEN\u0150 \ud83d\ude42<\/h4>\t\t\t\t\t\t<\/div>\n\t\t\t\t<\/div>\n\t\t\t\t<div class=\"elementor-element elementor-element-3e57e03 elementor-widget elementor-widget-heading\" data-id=\"3e57e03\" data-element_type=\"widget\" data-widget_type=\"heading.default\">\n\t\t\t\t<div class=\"elementor-widget-container\">\n\t\t\t<h3 class=\"elementor-heading-title elementor-size-default\">KutyaNapk\u00f6zi menetrendje<\/h3>\t\t<\/div>\n\t\t\t\t<\/div>\n\t\t\t\t<div class=\"elementor-element elementor-element-d062c1d elementor-widget elementor-widget-heading\" data-id=\"d062c1d\" data-element_type=\"widget\" data-widget_type=\"heading.default\">\n\t\t\t\t<div class=\"elementor-widget-container\">\n\t\t\t<h3 class=\"elementor-heading-title elementor-size-default\">Nyitvatart\u00e1s:  \nH\u00e9tf\u0151t\u0151l-cs\u00fct\u00f6rt\u00f6kig\n07:00-17:00<\/h3>\t\t<\/div>\n\t\t\t\t<\/div>\n\t\t\t\t\t<\/div>\n\t\t\t\t<\/div>\n\t\t<div class=\"elementor-element elementor-element-2994f47 e-flex e-con-boxed e-con e-parent\" data-id=\"2994f47\" data-element_type=\"container\" data-settings=\"{&quot;content_width&quot;:&quot;boxed&quot;}\" data-core-v316-plus=\"true\">\n\t\t\t\t\t<div class=\"e-con-inner\">\n\t\t<div class=\"elementor-element elementor-element-028fa9f e-con-full e-flex e-con e-child\" data-id=\"028fa9f\" data-element_type=\"container\" data-settings=\"{&quot;content_width&quot;:&quot;full&quot;}\">\n\t\t\t\t<div class=\"elementor-element elementor-element-36340a4 elementor-widget elementor-widget-heading\" data-id=\"36340a4\" data-element_type=\"widget\" data-widget_type=\"heading.default\">\n\t\t\t\t<div class=\"elementor-widget-container\">\n\t\t\t<h3 class=\"elementor-heading-title elementor-size-default\">KutyaNapk\u00f6zi eg\u00e9sz napra program: 7:00-17:00-ig<\/h3>\t\t<\/div>\n\t\t\t\t<\/div>\n\t\t\t\t<div class=\"elementor-element elementor-element-2d6e1d0 elementor-widget elementor-widget-text-editor\" data-id=\"2d6e1d0\" data-element_type=\"widget\" data-widget_type=\"text-editor.default\">\n\t\t\t\t<div class=\"elementor-widget-container\">\n\t\t\t\t\t\t\t<h4>7:00-08:00 Kuty\u00e1k meg\u00e9rkez\u00e9se\/\u00e1tv\u00e9tele<br \/>8:00-10:00 R\u00e1hangol\u00f3d\u00e1s az oktat\u00f3ra<br \/>9:00-12:00 Napk\u00f6zibe \u00e9rkez\u0151 Kuty\u00e1kkal k\u00f6z\u00f6s j\u00e1t\u00e9k<br \/>12:00-13:00 Szieszta, ig\u00e9ny eset\u00e9n eb\u00e9d<br \/>13:00-15:00 Szabadfoglalkoz\u00e1s (temperamentumt\u00f3l, kort\u00f3l, ig\u00e9nyt\u0151l f\u00fcgg\u0151en)<br \/>15:00-16:00 K\u00f6z\u00f6s j\u00e1t\u00e9k, tr\u00e9ning ig\u00e9ny szerint<br \/>16:00-17:00 Kuty\u00e1k haza ad\u00e1sa<br \/>17:00 \u2013 F\u00e1radt Kutya &#8211; Boldog Gazdi otthon<\/h4>\t\t\t\t\t\t<\/div>\n\t\t\t\t<\/div>\n\t\t\t\t<\/div>\n\t\t<div class=\"elementor-element elementor-element-be12452 e-con-full e-flex e-con e-child\" data-id=\"be12452\" data-element_type=\"container\" data-settings=\"{&quot;content_width&quot;:&quot;full&quot;}\">\n\t\t\t\t<div class=\"elementor-element elementor-element-7208ab8 elementor-widget elementor-widget-heading\" data-id=\"7208ab8\" data-element_type=\"widget\" data-widget_type=\"heading.default\">\n\t\t\t\t<div class=\"elementor-widget-container\">\n\t\t\t<h3 class=\"elementor-heading-title elementor-size-default\">KutyaNapk\u00f6zi f\u00e9l napra ( 4 \u00f3ra)<\/h3>\t\t<\/div>\n\t\t\t\t<\/div>\n\t\t\t\t<div class=\"elementor-element elementor-element-7b9d3cf elementor-widget elementor-widget-text-editor\" data-id=\"7b9d3cf\" data-element_type=\"widget\" data-widget_type=\"text-editor.default\">\n\t\t\t\t<div class=\"elementor-widget-container\">\n\t\t\t\t\t\t\t<h4>Nyitvatart\u00e1si id\u0151ben fogadjuk a kutyusokat f\u00e9l napra is az al\u00e1bbiak szerint:<br \/>&#8211; 8:00-12:00\u00a0<br \/>&#8211; 12:00-16:00<\/h4><h4>Ebben az esetben a kedvenc\u00fcnknek lehet\u0151s\u00e9ge ny\u00edlik az \u00e9pp arra az id\u0151szakra es\u0151 programba becsatlakozni.\u00a0<\/h4><h4>4 \u00f3ra tartozk\u00f3d\u00e1s felett eg\u00e9sz napos d\u00edjaz\u00e1s sz\u00e1m\u00edtand\u00f3!<\/h4>\t\t\t\t\t\t<\/div>\n\t\t\t\t<\/div>\n\t\t\t\t<\/div>\n\t\t\t\t\t<\/div>\n\t\t\t\t<\/div>\n\t\t<div class=\"elementor-element elementor-element-ebcf865 e-flex e-con-boxed e-con e-parent\" data-id=\"ebcf865\" data-element_type=\"container\" data-settings=\"{&quot;content_width&quot;:&quot;boxed&quot;}\" data-core-v316-plus=\"true\">\n\t\t\t\t\t<div class=\"e-con-inner\">\n\t\t\t\t<div class=\"elementor-element elementor-element-5225d3d elementor-widget elementor-widget-heading\" data-id=\"5225d3d\" data-element_type=\"widget\" data-widget_type=\"heading.default\">\n\t\t\t\t<div class=\"elementor-widget-container\">\n\t\t\t<h2 class=\"elementor-heading-title elementor-size-default\">\u00c1RLISTA<\/h2>\t\t<\/div>\n\t\t\t\t<\/div>\n\t\t\t\t<div class=\"elementor-element elementor-element-8876167 elementor-widget elementor-widget-text-editor\" data-id=\"8876167\" data-element_type=\"widget\" data-widget_type=\"text-editor.default\">\n\t\t\t\t<div class=\"elementor-widget-container\">\n\t\t\t\t\t\t\t<h4>Az \u00e1rlista men\u00fcponton bel\u00fcl megtekinthet\u0151ek az aktu\u00e1lis \u00e1rak.\u00a0<\/h4><h4>Az \u00e1rlista \u00e9rv\u00e9nyes: 2024.09.01-t\u0151l.<\/h4>\t\t\t\t\t\t<\/div>\n\t\t\t\t<\/div>\n\t\t\t\t\t<\/div>\n\t\t\t\t<\/div>\n\t\t\t\t\t\t\t<\/div>\n\t\t","protected":false},"excerpt":{"rendered":"<p>KutyaNapk\u00f6zinket akkor aj\u00e1nljuk, ha &#8211; munk\u00e1ba kell menni \u00e9s a munkahelyed nem kuyabar\u00e1t&#8211; v\u00e1s\u00e1rolni kell, de nem akarod addig se mag\u00e1ra hagyni, egyed\u00fcl&#8211; vagy a kertet kell \u00e9ppen rendbe rakni \u00e9s j\u00f3 lenne, ha nem t\u00e9bl\u00e1bolna ott\u00a0&#8211; vagy csak kedvencednek sz\u00fcks\u00e9ge van m\u00e1s kutyusok t\u00e1rsas\u00e1g\u00e1ra&#8211; vagy szeretn\u00e9l megn\u00e9zni olyan nevezetess\u00e9get is, ahova kutyus nem vihet\u0151<\/p>\n<p><a href=\"https:\/\/egrikutyanapkozi.hu\/?page_id=70\" class=\"more-link themebutton\">Read More<\/a><\/p>\n","protected":false},"author":1,"featured_media":0,"parent":0,"menu_order":0,"comment_status":"closed","ping_status":"closed","template":"","meta":{"footnotes":""},"class_list":["post-70","page","type-page","status-publish","hentry"],"_links":{"self":[{"href":"https:\/\/egrikutyanapkozi.hu\/index.php?rest_route=\/wp\/v2\/pages\/70","targetHints":{"allow":["GET"]}}],"collection":[{"href":"https:\/\/egrikutyanapkozi.hu\/index.php?rest_route=\/wp\/v2\/pages"}],"about":[{"href":"https:\/\/egrikutyanapkozi.hu\/index.php?rest_route=\/wp\/v2\/types\/page"}],"author":[{"embeddable":true,"href":"https:\/\/egrikutyanapkozi.hu\/index.php?rest_route=\/wp\/v2\/users\/1"}],"replies":[{"embeddable":true,"href":"https:\/\/egrikutyanapkozi.hu\/index.php?rest_route=%2Fwp%2Fv2%2Fcomments&post=70"}],"version-history":[{"count":7,"href":"https:\/\/egrikutyanapkozi.hu\/index.php?rest_route=\/wp\/v2\/pages\/70\/revisions"}],"predecessor-version":[{"id":252,"href":"https:\/\/egrikutyanapkozi.hu\/index.php?rest_route=\/wp\/v2\/pages\/70\/revisions\/252"}],"wp:attachment":[{"href":"https:\/\/egrikutyanapkozi.hu\/index.php?rest_route=%2Fwp%2Fv2%2Fmedia&parent=70"}],"curies":[{"name":"wp","href":"https:\/\/api.w.org\/{rel}","templated":true}]}}